.
6
Let x(p) = -17*p**2 - 72*p + 4. Give x(-4).
20
Let z(y) = -123*y + 2960. Determine z(23).
131
Let k(c) = -4*c**2 - 28*c + 30. What is k(-6)?
54
Let j(n) = -838*n + 6655. Determine j(8).
-49
Let d(m) = m**2 + 235*m + 3963. Calculate d(-18).
57
Let q(i) = -339*i + 89. Determine q(1).
-250
Let m(d) = 789*d + 3994. Calculate m(-5).
49
Let d(u) = -29*u + 616. Calculate d(21).
7
Let w(b) = -b**3 - 6*b**2 + 182*b + 37. Calculate w(11).
-18
Let c(v) = -76*v - 510. Give c(-7).
22
Let f(t) = -5*t**2 + 9*t. What is f(3)?
-18
Let w(j) = 174*j - 620. Determine w(7).
598
Let u(h) = 2*h**3 - 71*h**2 - 27*h - 288. Calculate u(36).
36
Let m(g) = g**2 - g - 42. Determine m(9).
30
Let c(t) = -t**3 + 8*t**2 + 32*t - 6. Determine c(12).
-198
Let j(q) = 5*q**2 + 204*q + 1619. Give j(-30).
-1
Let q(b) = -6*b**2 - 52*b + 17. Calculate q(0).
17
Let w(t) = 44*t**2 - 236*t - 468. Give w(-2).
180
Let m(p) = 536*p - 2678. Determine m(5).
2
Let z(x) = -12*x**3 - 82*x**2 + 15*x + 2. Determine z(-7).
-5
Let z(v) = -1001*v + 15036. Determine z(15).
21
Let m(u) = -5*u**2 + 23*u - 23. Give m(3).
1
Let h(u) = 13*u + 97. Give h(-6).
19
Let s(z) = -z**3 + 45*z**2 - 416*z - 69. What is s(31)?
489
Let y(l) = 15*l - 33. Give y(1).
-18
Let a(r) = r**3 - 8*r**2 + 5*r - 8. Determine a(5).
-58
Let p(g) = g**3 + 14*g**2 + g + 16. Calculate p(-12).
292
Let q(c) = 60*c + 329. Calculate q(-4).
89
Let f(n) = 4*n**3 + 261*n**2 - 198*n + 31. What is f(-66)?
31
Let o(g) = 3*g**2 + 122*g - 989. Calculate o(7).
12
Let p(m) = 443*m - 3980. Give p(9).
7
Let b(o) = -46*o - 1916. What is b(-42)?
16
Let t(c) = -3*c**3 + 8*c**2 + 27*c + 6. What is t(-2)?
8
Let v(n) = 7*n**2 - 116*n + 441. Calculate v(6).
-3
Let n(r) = -78*r - 9900. Calculate n(-127).
6
Let v(s) = -s**2 + 5*s + 48. What is v(-7)?
-36
Let q(n) = 5*n**2 - 23*n - 43. Calculate q(-2).
23
Let g(w) = -w**3 - 26*w**2 - 46*w + 41. Determine g(-24).
-7
Let x(d) = -d**3 + 67*d**2 - 487*d + 906. Calculate x(59).
21
Let v(y) = -y**3 - 118*y**2 + 105*y - 1677. Calculate v(-119).
-11
Let h(z) = 4*z**3 + 2*z**2 - 3*z + 6. Calculate h(3).
123
Let l(b) = -b**2 + 24*b - 69. Determine l(-7).
-286
Let y(x) = x**3 - 73*x**2 - 147*x - 199. Give y(75).
26
Let r(y) = y**2 + 38*y + 40. Give r(-36).
-32
Let o(t) = t**2 - 52*t + 385. Calculate o(42).
-35
Let b(s) = 2*s**2 + 87*s + 241. Calculate b(-40).
-39
Let d(v) = -126*v + 771. Give d(6).
15
Let s(w) = -3*w**2 + 68*w - 228. Give s(4).
-4
Let b(x) = -14*x**3 - 3*x**2 - 13*x + 15. Calculate b(1).
-15
Let x(v) = -v**3 - 12*v**2 - 180. Determine x(-11).
-301
Let h(f) = -2*f**3 + 2*f**2 - 6*f + 139. Determine h(0).
139
Let b(n) = 28*n**2 - 36*n + 224. What is b(7)?
1344
Let a(z) = 12*z**2 - 4*z - 2. What is a(-6)?
454
Let n(q) = 5*q**2 + 406*q + 3327. Determine n(-72).
15
Let n(l) = l**2 - 3*l - 27. Give n(-5).
13
Let j(r) = -29*r - 2711. Calculate j(-105).
334
Let p(q) = -q**3 + 42*q**2 - 153*q + 97. What is p(38)?
59
Let q(h) = 2*h**3 + h**2 - 4*h + 3. What is q(3)?
54
Let k(f) = f**3 - 3*f**2 + 7*f - 436. Calculate k(0).
-436
Let f(r) = 167*r**3 - r**2 - 3*r - 1. What is f(-1)?
-166
Let t(k) = k**3 - 9*k**2 - 280*k + 1208. What is t(4)?
8
Let v(c) = c**3 + 38*c**2 - 39*c - 17. What is v(-39)?
-17
Let j(s) = 2*s**2 + 106*s - 1743. What is j(14)?
133
Let y(h) = -2*h**3 + 64*h**2 - 59*h - 80. Give y(31).
13
Let y(f) = -2*f**3 + 19*f**2 - 22*f + 21. Calculate y(8).
37
Let h(l) = -2*l**3 + 20*l**2 + 225*l + 216. What is h(17)?
-5
Let v(f) = f**3 + 18*f**2 + 75*f + 8. Determine v(-6).
-10
Let j(t) = t**2 + 26*t - 266. What is j(-34)?
6
Let x(b) = 3*b**3 - 267*b**2 - 2328*b - 4. Determine x(97).
-4
Let i(p) = 2*p**2 - 202*p - 1424. Calculate i(108).
88
Let j(w) = -w**3 + 9*w**2 - 53*w + 282. What is j(7)?
9
Let f(b) = 5*b**2 + 2*b - 84. Calculate f(5).
51
Let g(d) = 422*d + 421. Give g(-1).
-1
Let c(w) = 3000*w + 12003. What is c(-4)?
3
Let x(l) = 25*l + 162. Give x(-17).
-263
Let z(x) = 2*x**3 - 19*x**2 + 928*x - 8268. Give z(9).
3
Let p(t) = -2607*t - 26066. Give p(-10).
4
Let x(d) = d**3 - 144*d**2 + 296*d - 1705. What is x(142)?
-1
Let f(v) = v**3 - 9*v**2 - 31*v + 27. Calculate f(11).
-72
Let m(q) = 53*q**2 + 5*q - 1. Determine m(1).
57
Let r(l) = -105*l + 113. What is r(1)?
8
Let y(v) = -135*v - 798. Give y(-8).
282
Let v(c) = 3*c**3 + 351*c**2 - 3*c - 353. Determine v(-117).
-2
Let g(l) = 4*l**2 - 122*l - 33. Determine g(33).
297
Let w(j) = -2*j**2 + 53*j + 353. Determine w(38).
-521
Let n(f) = -f**2 - 197*f + 5812. Give n(26).
14
Let c(u) = u**3 - 12*u**2 - 35*u + 257. What is c(7)?
-233
Let d(a) = -6*a + 46. What is d(8)?
-2
Let a(m) = -21*m**2 - 190*m + 20. Calculate a(-11).
-431
Let m(z) = -2*z**2 + 118*z - 626. Give m(6).
10
Let d(v) = -7*v**2 - 41*v - 90. What is d(-5)?
-60
Let s(i) = 358*i - 8942. Give s(25).
8
Let p(s) = -27*s - 398. Calculate p(-13).
-47
Let h(m) = -m**2 + 100*m + 659. Give h(0).
659
Let s(u) = -u**3 - 32*u**2 - 53*u - 635. Determine s(-31).
47
Let x(u) = 23*u + 153. Calculate x(0).
153
Let p(t) = -6*t**2 + 311*t + 31. Calculate p(52).
-21
Let b(o) = -64*o - 71. What is b(0)?
-71
Let b(c) = -26*c**2 + 580*c + 430. Determine b(23).
16
Let i(c) = -96*c + 4406. Calculate i(46).
-10
Let y(z) = z**3 + 14*z**2 - 67*z - 553. Determine y(7).
7
Let w(o) = 477*o - 124499. Give w(261).
-2
Let s(w) = 16*w**2 - 18*w - 10. Calculate s(-4).
318
Let v(p) = 25*p - 109. What is v(3)?
-34
Let i(c) = 71*c - 13691. Calculate i(193).
12
Let g(h) = -2*h**2 + 2*h - 1. Calculate g(2).
-5
Let g(h) = 4*h**2 + 14*h - 105. Calculate g(8).
263
Let r(v) = -3*v**2 + 21*v + 14. What is r(6)?
32
Let j(d) = -468*d**3 - 5*d**2 + d + 2. Give j(1).
-470
Let x(r) = -144*r + 627. Determine x(5).
-93
Let d(a) = a**2 + 15*a - 1153. Give d(27).
-19
Let l(r) = 23*r**2 + 6*r + 73. Give l(0).
73
Let b(p) = -p**3 + 28*p + 47. What is b(-4)?
-1
Let i(p) = p**3 + 72*p**2 + 71*p - 2. What is i(-71)?
-2
Let f(h) = 41*h**2 - 63*h + 61. Determine f(1).
39
Let f(c) = 2*c**3 + 15*c**2 + 53*c - 25. Calculate f(-7).
-347
Let b(a) = -661*a - 3151. What is b(-5)?
154
Let r(b) = -228*b - 3698. What is r(-17)?
178
Let l(p) = 2*p**2 + 86*p - 818. Give l(8).
-2
Let w(g) = -2*g**3 - 3*g**2 + 14*g - 20. Determine w(3).
-59
Let v(m) = -2*m - 98. What is v(-2)?
-94
Let w(h) = 3*h**2 + 95*h + 543. What is w(-7)?
25
Let s(h) = 7944*h - 11. Determine s(0).
-11
Let r(d) = -2*d**3 + 2*d**2 + 15*d + 6. Determine r(0).
6
Let j(w) = w**2 - 46*w - 8. Determine j(48).
88
Let j(t) = 215*t - 1281. What is j(6)?
9
Let r(j) = 66*j - 36. Give r(3).
162
Let j(o) = o**3 - 14*o**2 + 35*o + 91. Calculate j(9).
1
Let d(a) = -a**2 + 123*a - 2386. What is d(24)?
-10
Let i(j) = 2*j**2 - 135*j - 1714. What is i(-11)?
13
Let c(i) = -274*i - 11303. Give c(-41).
-69
Let b(s) = s**3 - 16*s**2 - 27*s - 172. Calculate b(18).
-10
Let u(l) = -4*l**2 - 6*l - 90. Determine u(-5).
-160
Let l(u) = u**3 - u**2 + 5*u + 40. Calculate l(0).
40
Let d(a) = -a**2 + 50*a - 619. Give d(31).
-30
Let m(w) = w**3 - 41*w**2 + 38*w + 88. Calculate m(40).
8
Let x(c) = 2*c**2 + 35*c - 76. Calculate x(-26).
366
Let d(p) = 3*p**3 - 5*p**2 - 142*p + 407. Determine d(3).
17
Let d(g) = 480*g - 902. Determine d(2).
58
Let l(i) = -14*i**2 + 23. Determine l(4).
-201
Let o(z) = 2*z**3 - 35*z**2 - 4*z - 99. Determine o(17).
-456
Let p(x) = -5*x**2 - 54*x + 22. Calculate p(-12).
-50
Let r(x) = 2581*x + 25699. Calculate r(-10).
-111
Let s(a) = -422*a - 89488. Determine s(-212).
-24
Let d(a) = -a**3 + a**2 - 2*a - 2. Calculate d(-1).
2
Let z(d) = -d**2 - 186*d - 1598. Calculate z(-8).
-174
Let w(n) = 5*n**2 + 33*n + 68. Calculate w(-9).
176
Let j(t) = 12*t**2 - 98*t + 64. Calculate j(9).
154
Let u(b) = 60*b - 12. What is u(3)?
168
Let y(p) = p**3 - 13*p**2 - 8*p + 56. Determine y(11).
-274
Let u(c) = c**2 - 9*c - 60. What is u(16)?
52
Let n(k) = -k**3 - 51*k**2 - 256*k - 132. Give n(-5).
-2
Let d(k) = -k**2 - 96*k - 1770. Determine d(-24).
-42
Let k(w) = -65*w - 161. Give k(-5).
164
Let c(v) = -v**3 + 41*v**2 + 38*v + 135. Calculate c(42).
-33
Let t(d) = d**3 + 4*d**2 - 13*d - 15. Determine t(-6).
-9
Let f(c) = 7*c**3 + 31*c**2 - 7*c - 36. Calculate f(-6).
-390
Let q(d) = d**3 - 7*d**2 - 26*d + 186. What is q(7)?
4
Let d(k) = k**3 + 20*k**2 - 19*k + 16. Give d(-21).
-26
Let s(u) = u - 4. Calculate s(16).
12